u.
14
Suppose -2*v = -5*x + 1, x - 7 = 3*v + 1. Let m be (0/(-1) - -3)*x. Calculate the remainder when 51 is divided by (-6 - m)*(-26)/6.
12
Suppose 2 = 5*f - 3. Let c be f*-54 - 3*-1. What is the remainder when -2 + c/((-1)/1) is divided by 13?
10
Let f(a) = 16*a**3 - a**2 - a + 1. Let w be f(1). Let t be 4/((-1)/w*-2). Suppose 0*y - t = -3*y. Calculate the remainder when y is divided by 6.
4
What is the remainder when 69 is divided by (-111)/2*(10/3)/(-5)?
32
Let a(l) = -l**2 - 8*l - 6. Suppose -3*z = 2*b + 4 + 9, 0 = -4*b + 4*z - 16. Calculate the remainder when 44 is divided by a(b).
8
Suppose 4*a - 19 = -d, d + d - 4*a - 14 = 0. Let p = d - 2. What is the remainder when 17 is divided by p?
8
Suppose 0 = -n - o - 4*o + 25, -3*n = -5*o - 15. Let f be 2/(-3)*(4 + -1). What is the remainder when 8 is divided by f + 1/(2/n)?
2
Suppose 0 = -2*l - 0*l + 4, -5*s - 4*l = -53. What is the remainder when 12 is divided by s?
3
Let s be 0 + -1 - (-2)/(-2). Calculate the remainder when (-4 + 2)/(-2)*7 is divided by 0 + (3 - 2 - s).
1
Suppose t - 229 = -4*f, -2*f + 128 = -0*f - 4*t. Suppose 27 + 49 = -4*s. Let b = 39 + s. What is the remainder when f is divided by b?
18
Let f(t) be the second derivative of -t**5/20 - t**4/12 + t**3/3 + 3*t**2/2 - t. Calculate the remainder when f(-3) is divided by 6.
3
Suppose -6*d - 133 + 319 = 0. Calculate the remainder when 61 is divided by d.
30
Let u(x) = -x**3 - x**2 - 2*x - 2. Let y be u(-2). Let k be 5/(-1)*(-6)/y. What is the remainder when 200/12*12/k is divided by 14?
12
Let s(b) = -b**3 - b**2 + 7*b + 2. Let f be s(-3). Let u be 3/((-3)/(-4)*-2). Calculate the remainder when 7*f*u/7 is divided by 2.
0
Let i be 2 + -3 + 1 + 2. Let m be 16*(10/(-4) + 2). Calculate the remainder when 9 is divided by (-21)/(-4) + i/m.
4
Suppose -5*d = -0*d - 475. Suppose -4*b - 5*p = -115, b + 2*b - 5*p - d = 0. What is the remainder when b is divided by 16?
14
Let f = 14 + 8. Suppose 2 = -2*m + 18. What is the remainder when f is divided by m?
6
Suppose -24 = -4*w + 32. What is the remainder when w is divided by 9?
5
Let l(t) = -12*t**3 + t + 1. Let u be l(-1). Calculate the remainder when (-12)/(-16) - (-411)/u is divided by 12.
11
Let i = 17 - 5. What is the remainder when 4/(-2)*(-1 - 33/2) is divided by i?
11
Calculate the remainder when 52 is divided by (7/(-14))/(4/(-144)).
16
Let q(f) = -f**3 + 11*f**2 + 2. What is the remainder when 5 is divided by q(11)?
1
Let h be 1/2*(-3 + 3). Suppose -71 - 19 = -3*k - 5*y, h = k + y - 28. Calculate the remainder when k is divided by 14.
11
Suppose -b - 2*b - 15 = 0, -2*b = p - 8. Calculate the remainder when 178 is divided by p.
16
Let p be (-780)/(-8)*12/15. Let h = -21 + p. What is the remainder when h is divided by 29?
28
Suppose -5*f + 159 = -2*f. Suppose -3*i + 55 = -f. What is the remainder when i is divided by 19?
17
Let h(j) = -j**3 - 8*j**2 - 9*j + 3. Let z be h(-7). Suppose z = -d + 3*y, -5*d + 6 - 26 = -2*y. What is the remainder when -3*(d - (-2 + 1)) is divided by 2?
1
Suppose 23 + 26 = g - 5*b, 0 = 4*g - b - 139. Let i be 285/25 + (-6)/15. Let f = i - -7. What is the remainder when g is divided by f?
16
Suppose 10*z = 4*z + 30. Suppose 2*i - 5*u = 9 + 9, 0 = i + 3*u - 9. Calculate the remainder when i is divided by z.
4
Suppose 0 = 6*f - 29 - 25. Calculate the remainder when 22 is divided by f.
4
Let n = 17 + -4. What is the remainder when 21 is divided by n?
8
Suppose 190 + 50 = 5*n. What is the remainder when n is divided by 19?
10
Let a be (0 - 2)/(2/285). Let v be a/(-20) + 2/(-8). Let t = 9 + v. Calculate the remainder when 44 is divided by t.
21
Let v = -4 - -8. Suppose 5*n - 4*l + 3*l - 210 = 0, -v*l = 0. Suppose -4*i - 5*o = -n, -3*i = -o + 6 - 47. What is the remainder when i is divided by 7?
6
Let p = -6 + 11. Suppose 1 = j - 2*h, -p*j + 4*h + 7 + 4 = 0. Suppose -3*c + 3*y = -6, -5*y = -j*c - 3*y + 7. Calculate the remainder when 8 is divided by c.
2
Suppose -j + 101 = 3*v - 0*v, 331 = 3*j + 2*v. Calculate the remainder when j is divided by 29.
26
Suppose -2*h + 22 = -3*s, -h - 12 = 3*s + 2*h. Let d(z) = -z**3 - 7*z**2 - 9*z. What is the remainder when 34 is divided by d(s)?
16
Suppose -3*n = -7*n + 4. Let y be ((1 + 0)*n)/(-1). Calculate the remainder when 20 is divided by y/(-4) + (-172)/(-16).
9
Suppose -5*d + 7*d = 0. Let p = d - -9. Let q(o) = o**3 - 16*o**2 - 15*o - 30. Calculate the remainder when p is divided by q(17).
1
Let p = -121 - -243. Let n = p + -76. Calculate the remainder when n is divided by 12.
10
Let c = -116 - -200. Let y = -70 + 99. Calculate the remainder when c is divided by y.
26
Let m(j) = j**2 + j + 4. Let h = 9 - 15. What is the remainder when m(h) is divided by 12?
10
Let t(f) = f**2 + 6*f - 12. What is the remainder when t(-11) is divided by 15?
13
What is the remainder when 227 is divided by 2 + 1 - (-2 + (-41 - 0))?
43
Calculate the remainder when (8 + -7)*(20 + 1) is divided by 12.
9
Let x(j) = 4*j**2 - j**3 - j**2 + j + j**2 + 3. Suppose 20 = 2*c - 34. What is the remainder when c is divided by x(4)?
6
Let c be (-2 + 15/6)*2. Let v be 7 - 4/(3 - c). Suppose g - v = 8. Calculate the remainder when g is divided by 5.
3
Let d(i) = i**3 + 14*i**2 - i + 1. Calculate the remainder when d(-14) is divided by 6.
3
Suppose 0 = -2*r - 6. Let i be r*(2/(-3) - 0). Suppose -i*m - 2*m = -76. What is the remainder when m is divided by 10?
9
Let b(p) = -p**3 + 5*p**2 - 3*p - 3. Let r be b(3). Let q = 4 + r. Suppose 0*i = -i + q. What is the remainder when 28 is divided by i?
8
Suppose 2*z = -z + 165. What is the remainder when z is divided by 29?
26
Let t = 126 + 50. Suppose -4*k = -8*k + t. Calculate the remainder when k is divided by 16.
12
Let p = 24 - 21. Let k = 0 - -4. Calculate the remainder when k is divided by p.
1
Suppose 0 = -0*o - 5*o + 2*b + 50, 0 = -4*b. Calculate the remainder when (2/3)/((-10)/(-255)) is divided by o.
7
Let w be (-74)/(-10) - (-42)/70. Suppose 3*r - 28 - w = -3*h, -4*h - 17 = -r. Let x = 20 + -13. Calculate the remainder when r is divided by x.
6
Let i = -82 + 128. What is the remainder when i is divided by 13?
7
Let q be (-26)/(-7) + 12/42. Let w = -37 - -53. Calculate the remainder when (-411)/(-9) - q/6 is divided by w.
13
Calculate the remainder when (165/(-10) - -5)*-6 is divided by 35.
34
Suppose -3*n + 36 = -2*n. What is the remainder when 69 is divided by n?
33
Let b(a) = -a + 8. What is the remainder when b(4) is divided by 2?
0
Let r(v) = -v - 1. Let y be r(-2). Suppose -y = -h + 4. Suppose h*b - 128 = -3*o, 2*b + 124 = 3*o + 3*b. What is the remainder when o is divided by 14?
13
Suppose 4*o - 3*f + 2*f - 58 = 0, 2*o - 36 = -3*f. Calculate the remainder when 4/14 + 306/7 is divided by o.
14
Let c = 8 - -5. Let b = -70 - -121. What is the remainder when b is divided by c?
12
Suppose 115 = 2*x + 21. Let y = 74 - x. What is the remainder when 51 is divided by y?
24
Calculate the remainder when 50 is divided by ((-85)/10 - -2)*-4.
24
Let p = 9 - 7. Suppose 2*a - b - 1038 = 3*b, 2*a + 2*b - 1014 = 0. Calculate the remainder when 1/p - a/(-14) is divided by 13.
11
Suppose 0 = -2*g + g - 1, -5*d - 5*g + 105 = 0. Let v = 13 - 7. Calculate the remainder when d is divided by v.
4
Let p(x) = x**3 - 2*x**2 + 7*x + 6. Let m(z) = -z**3 + z**2 - 8*z - 6. Let d(r) = -4*m(r) - 5*p(r). Calculate the remainder when d(4) is divided by 5.
4
Let v = 148 - 104. Calculate the remainder when v is divided by 16.
12
Let z(k) = 54*k**3 - k**2 - k + 1. What is the remainder when z(1) is divided by 27?
26
Let d(l) = l**3 - 4*l**2 - 2*l + 7. Let r be 0 + 3/(9/15). Let u = -1 + 9. Calculate the remainder when d(r) is divided by u.
6
Let u = 14 - -20. What is the remainder when u is divided by 20?
14
Let u = -9 + 30. Suppose -2*w - 33 - 25 = -4*c, -5*w - 73 = -4*c. What is the remainder when u is divided by c?
9
Suppose 3*m + 21 = o - 0*m, 0 = -2*m - 2. What is the remainder when 69 is divided by o?
15
Let j = 112 - 22. What is the remainder when (6 + -3)/6*j is divided by 16?
13
Suppose -s - d + 13 = 2, 3*s - d = 17. What is the remainder when 33 is divided by s?
5
Let w = 20 + -13. Let d = 11 - w. Suppose k + d*v = 23, 2*k + 4*v - 34 = -0*k. What is the remainder when k is divided by 4?
3
Let g = -1 + 4. Suppose -h - 2*n + g